{"id":258708,"date":"2025-06-05T16:43:23","date_gmt":"2025-06-05T22:43:23","guid":{"rendered":"https:\/\/rcmpva.org\/ottawa\/?page_id=258708"},"modified":"2025-12-22T10:17:49","modified_gmt":"2025-12-22T17:17:49","slug":"beechwood-cemetery","status":"publish","type":"page","link":"https:\/\/rcmpva.org\/ottawa\/beechwood-cemetery\/","title":{"rendered":"Beechwood Cemetery"},"content":{"rendered":"<p>[et_pb_section fb_built=&#8221;1&#8243; custom_padding_last_edited=&#8221;on|phone&#8221; admin_label=&#8221;Hero&#8221; _builder_version=&#8221;4.27.4&#8243; background_enable_color=&#8221;off&#8221; use_background_color_gradient=&#8221;on&#8221; background_color_gradient_direction=&#8221;60deg&#8221; background_color_gradient_stops=&#8221;rgba(0,0,0,0.7) 0%|rgba(0,0,0,0.7) 100%&#8221; background_color_gradient_overlays_image=&#8221;on&#8221; background_color_gradient_start=&#8221;rgba(22,24,38,0.6)&#8221; background_color_gradient_end=&#8221;rgba(22,24,38,0.6)&#8221; background_image=&#8221;https:\/\/rcmpva.org\/ottawa\/wp-content\/uploads\/sites\/4\/2025\/07\/Beechwood-Cemetery-RCMPVA-Ottawa.webp&#8221; parallax=&#8221;on&#8221; custom_padding=&#8221;100px||100px||false|false&#8221; custom_padding_tablet=&#8221;60px||60px||true|false&#8221; custom_padding_phone=&#8221;30px||40px||false|false&#8221; saved_tabs=&#8221;all&#8221; locked=&#8221;off&#8221; global_colors_info=&#8221;{}&#8221;][et_pb_row _builder_version=&#8221;4.16&#8243; custom_padding=&#8221;|||&#8221; global_colors_info=&#8221;{}&#8221;][et_pb_column type=&#8221;4_4&#8243; _builder_version=&#8221;4.16&#8243; custom_padding=&#8221;|||&#8221; global_colors_info=&#8221;{}&#8221; custom_padding__hover=&#8221;|||&#8221;][et_pb_text _builder_version=&#8221;4.27.4&#8243; text_font=&#8221;||||||||&#8221; text_text_color=&#8221;#FFFFFF&#8221; link_text_color=&#8221;#FFFFFF&#8221; header_font=&#8221;||||||||&#8221; header_text_align=&#8221;left&#8221; header_text_color=&#8221;#FFFFFF&#8221; header_font_size=&#8221;60px&#8221; header_line_height=&#8221;1.2em&#8221; header_2_font=&#8221;||||||||&#8221; header_2_font_size=&#8221;42px&#8221; header_2_line_height=&#8221;1.2em&#8221; header_3_font_size=&#8221;24px&#8221; header_3_line_height=&#8221;1.2em&#8221; header_4_font_size=&#8221;20px&#8221; header_4_line_height=&#8221;1.2em&#8221; module_alignment=&#8221;left&#8221; text_font_size_tablet=&#8221;16px&#8221; text_font_size_phone=&#8221;15px&#8221; text_font_size_last_edited=&#8221;off|desktop&#8221; text_line_height_phone=&#8221;1.6em&#8221; text_line_height_last_edited=&#8221;off|desktop&#8221; header_font_size_tablet=&#8221;45px&#8221; header_font_size_phone=&#8221;30px&#8221; header_font_size_last_edited=&#8221;on|phone&#8221; header_2_font_size_tablet=&#8221;36px&#8221; header_2_font_size_phone=&#8221;26px&#8221; header_2_font_size_last_edited=&#8221;on|phone&#8221; header_3_font_size_tablet=&#8221;22px&#8221; header_3_font_size_phone=&#8221;22px&#8221; header_3_font_size_last_edited=&#8221;on|tablet&#8221; header_4_font_size_tablet=&#8221;18px&#8221; header_4_font_size_phone=&#8221;18px&#8221; header_4_font_size_last_edited=&#8221;on|tablet&#8221; global_colors_info=&#8221;{}&#8221; link_text_color__hover_enabled=&#8221;on|hover&#8221; link_text_color__hover=&#8221;#FF2200&#8243;]<\/p>\n<p><strong><span><span><a href=\"https:\/\/rcmpva.org\/ottawa\/\">RCMPVA Ottawa Division<\/a><\/span><\/span><\/strong><\/p>\n<p>&nbsp;<\/p>\n<h1>RCMP National Memorial Cemetery at Beechwood<\/h1>\n<p>[\/et_pb_text][\/et_pb_column][\/et_pb_row][\/et_pb_section][et_pb_section fb_built=&#8221;1&#8243; custom_padding_last_edited=&#8221;on|phone&#8221; _builder_version=&#8221;4.20.4&#8243; _module_preset=&#8221;default&#8221; custom_padding_tablet=&#8221;||30px||false|false&#8221; custom_padding_phone=&#8221;30px||30px||true|false&#8221; locked=&#8221;off&#8221; global_colors_info=&#8221;{}&#8221;][et_pb_row column_structure=&#8221;3_5,2_5&#8243; _builder_version=&#8221;4.27.4&#8243; _module_preset=&#8221;default&#8221; custom_css_main_element=&#8221;display:flex;||align-items:center;&#8221; global_colors_info=&#8221;{}&#8221; custom_css_main_element_last_edited=&#8221;on|tablet&#8221; custom_css_main_element_tablet=&#8221;display:block;&#8221; custom_css_main_element_phone=&#8221;display:block;&#8221;][et_pb_column type=&#8221;3_5&#8243; _builder_version=&#8221;4.22.1&#8243; _module_preset=&#8221;default&#8221; global_colors_info=&#8221;{}&#8221;][et_pb_text _builder_version=&#8221;4.27.4&#8243; _module_preset=&#8221;default&#8221; locked=&#8221;off&#8221; global_colors_info=&#8221;{}&#8221; custom_css_main_element_last_edited=&#8221;on|phone&#8221;]<\/p>\n<h2><strong>Who We Are<\/strong><\/h2>\n<p>Located in the heart of the National Cemetery of Canada, the RCMP National Memorial Cemetery at Beechwood is the ideal final post for all RCMP employees, Veterans and their loved ones. It is a place where families and visitors can pay their respects to those who have committed their lives to peace and order on behalf of the people of Canada.<\/p>\n<p>In 2009, Beechwood was recognized by an Act of Parliament as the National Cemetery of  Canada. It is also the home of the National Military Cemetery, the Veterans and War Dead, the Canadian Security and Intelligence Service Cemetery and the Ottawa Police Memorial Cemetery <\/p>\n<p>The RCMP National Memorial Cemetery at Beechwood uniquely recognizes the courage and dedication of RCMP employees, Veterans and their families, who proudly serve and have served alongside each other protecting our country.<\/p>\n<p>[\/et_pb_text][\/et_pb_column][et_pb_column type=&#8221;2_5&#8243; _builder_version=&#8221;4.22.1&#8243; _module_preset=&#8221;default&#8221; global_colors_info=&#8221;{}&#8221;][et_pb_code module_class=&#8221;english&#8221; _builder_version=&#8221;4.27.4&#8243; _module_preset=&#8221;default&#8221; text_orientation=&#8221;center&#8221; global_colors_info=&#8221;{}&#8221;]<\/p>\n<div class=\"hs-cta-embed hs-cta-simple-placeholder hs-cta-embed-186646824735\"<!-- [et_pb_line_break_holder] -->  style=&#8221;max-width:100%; max-height:100%; width:700px;height:228.0875030517578px&#8221; data-hubspot-wrapper-cta-id=&#8221;186646824735&#8243;><!-- [et_pb_line_break_holder] -->  <a href=https:\/\/cta-service-cms2.hubspot.com\/web-interactives\/public\/v1\/track\/redirect?encryptedPayload=AVxigLJAhUXpA%2Bk9pEdLOCq%2BG78GjcP1CLc9nrKvRN7ENUTbUMQDrm5DkGShEGhA0fZAVnyL0kd3oeWXnnH6I39i%2Bi56Yip8NmpYPh277ijPRvf167nuf5W4bRtm0Et3ihDhlL7Tcs2kcNKC3fOTl4VOjRXF2c2rwVgD24XYSomh2wz%2BZYgOd3w67kIRdhG7gcwgAhWznTN7Q17mpkGcalpHMmwZoXCxAeL7c4I6CgESt8hnhkIyefJi5fNGLAPR6A%3D%3D&#038;webInteractiveContentId=186646824735&#038;portalId=4651095 target=\"_blank\" rel=\"noopener\" crossorigin=\"anonymous\"><!-- [et_pb_line_break_holder] -->\t<img alt=\"The RCMP National Memorial Cemetery at Beechwood \u00a0 Learn about the history, the symbolism and the different commemorative programs. \u00a0\" loading=\"lazy\" src=https:\/\/no-cache.hubspot.com\/cta\/default\/4651095\/interactive-186646824735.png style=\"height: 100%; width: 100%; object-fit: fill\"<!-- [et_pb_line_break_holder] -->  \tonerror=&#8221;this.style.display=&#8217;none'&#8221; \/><!-- [et_pb_line_break_holder] -->  <\/a><!-- [et_pb_line_break_holder] --><\/div>\n<p><!-- [et_pb_line_break_holder] -->[\/et_pb_code][et_pb_code module_class=&#8221;french&#8221; _builder_version=&#8221;4.27.4&#8243; _module_preset=&#8221;default&#8221; text_orientation=&#8221;center&#8221; global_colors_info=&#8221;{}&#8221;]<\/p>\n<div class=\"hs-cta-embed hs-cta-simple-placeholder hs-cta-embed-186647331212\"<!-- [et_pb_line_break_holder] -->  style=&#8221;max-width:100%; max-height:100%; width:700px;height:228.0875030517578px&#8221; data-hubspot-wrapper-cta-id=&#8221;186647331212&#8243;><!-- [et_pb_line_break_holder] -->  <a href=https:\/\/cta-service-cms2.hubspot.com\/web-interactives\/public\/v1\/track\/redirect?encryptedPayload=AVxigLJasCaVKi%2BMQR8rig%2FHxqdD%2FHqG4mJRmuqR3q47jKXH3A9YsMjOCrICJQlCohS98pFAuJJQ%2FEbtHp%2FqAbVEJHI9qHggt3E7m5GTDLXBsULgl6o73bSei9m6GAYdFNTcmp0%2B%2Bebsewr%2FN8EbY7ZotxKDDlffK7NBf7vTlkLeP%2Fq96tL0wsiAm9L%2BSfXr6CW4Jxu7f0ufzQtSEuElNlgrjXxAeIi7CjXHu4tK7Jjzeplv4NniR6XPzL8yzxjbvXiCkbrMFI7HJmZFV90SwNI4RAHrNe4ohic%3D&#038;webInteractiveContentId=186647331212&#038;portalId=4651095 target=\"_blank\" rel=\"noopener\" crossorigin=\"anonymous\"><!-- [et_pb_line_break_holder] -->\t<img alt=\"Cimeti\u00e8re comm\u00e9moratif national de la GRC \u00e0 Beechwood \u00a0 D\u00e9couvrez l'histoire, le symbolisme et les diff\u00e9rents programmes comm\u00e9moratifs. \u00a0\" loading=\"lazy\" src=https:\/\/no-cache.hubspot.com\/cta\/default\/4651095\/interactive-186647331212.png style=\"height: 100%; width: 100%; object-fit: fill\"<!-- [et_pb_line_break_holder] -->  \tonerror=&#8221;this.style.display=&#8217;none'&#8221; \/><!-- [et_pb_line_break_holder] -->  <\/a><!-- [et_pb_line_break_holder] --><\/div>\n<p><!-- [et_pb_line_break_holder] -->[\/et_pb_code][\/et_pb_column][\/et_pb_row][\/et_pb_section][et_pb_section fb_built=&#8221;1&#8243; custom_padding_last_edited=&#8221;on|tablet&#8221; _builder_version=&#8221;4.22.1&#8243; _module_preset=&#8221;default&#8221; background_color=&#8221;#F7F7F7&#8243; custom_padding_tablet=&#8221;30px||30px||true|false&#8221; custom_padding_phone=&#8221;30px||30px||true|false&#8221; locked=&#8221;off&#8221; global_colors_info=&#8221;{}&#8221;][et_pb_row _builder_version=&#8221;4.22.1&#8243; _module_preset=&#8221;default&#8221; global_colors_info=&#8221;{}&#8221;][et_pb_column type=&#8221;4_4&#8243; _builder_version=&#8221;4.22.1&#8243; _module_preset=&#8221;default&#8221; global_colors_info=&#8221;{}&#8221;][et_pb_text _builder_version=&#8221;4.27.4&#8243; header_font=&#8221;||||||||&#8221; header_text_color=&#8221;#FFFFFF&#8221; header_font_size=&#8221;60px&#8221; header_line_height=&#8221;1.2em&#8221; header_2_font=&#8221;||||||||&#8221; header_2_font_size=&#8221;42px&#8221; header_2_line_height=&#8221;1.2em&#8221; header_3_font_size=&#8221;24px&#8221; header_3_line_height=&#8221;1.2em&#8221; header_4_font_size=&#8221;20px&#8221; header_4_line_height=&#8221;1.2em&#8221; text_orientation=&#8221;center&#8221; max_width=&#8221;80%&#8221; max_width_tablet=&#8221;100%&#8221; max_width_phone=&#8221;100%&#8221; max_width_last_edited=&#8221;on|tablet&#8221; module_alignment=&#8221;center&#8221; custom_margin=&#8221;|||&#8221; custom_margin_tablet=&#8221;0px|50px||50px&#8221; custom_margin_last_edited=&#8221;off|desktop&#8221; custom_padding=&#8221;|||&#8221; header_font_size_tablet=&#8221;45px&#8221; header_font_size_phone=&#8221;30px&#8221; header_font_size_last_edited=&#8221;on|phone&#8221; header_2_font_size_tablet=&#8221;36px&#8221; header_2_font_size_phone=&#8221;26px&#8221; header_2_font_size_last_edited=&#8221;on|phone&#8221; header_3_font_size_tablet=&#8221;22px&#8221; header_3_font_size_phone=&#8221;22px&#8221; header_3_font_size_last_edited=&#8221;on|tablet&#8221; header_4_font_size_tablet=&#8221;18px&#8221; header_4_font_size_phone=&#8221;18px&#8221; header_4_font_size_last_edited=&#8221;on|tablet&#8221; text_orientation_tablet=&#8221;center&#8221; text_orientation_phone=&#8221;center&#8221; text_orientation_last_edited=&#8221;on|phone&#8221; locked=&#8221;off&#8221; global_colors_info=&#8221;{}&#8221;]<\/p>\n<h2>Our History<\/h2>\n<p>[\/et_pb_text][et_pb_text _builder_version=&#8221;4.27.4&#8243; _module_preset=&#8221;default&#8221; link_font=&#8221;|800||on|||||&#8221; link_text_color=&#8221;#FF2200&#8243; global_colors_info=&#8221;{}&#8221;]<P>THE RCMP (originally the North West Mounted Police) and Beechwood Cemetery were established in 1873 and grew to become two of Canada\u2019s most respected institutions.<\/p>\n<p>In 2001, the RCMP Veterans\u2019 Association (RCMPVA) researched the possibility of establishing an RCMP cemetery in Ottawa, the birthplace of the original Force. Following a bilateral agreement signed by the RCMPVA and Beechwood, the official opening of the RCMP Memorial Cemetery occurred in October 2004. In 2006, the RCMP joined the partnership, and the site was then officially named the RCMP National Memorial Cemetery at Beechwood.<\/p>\n<p>The RCMP National Memorial Cemetery at Beechwood is a complement to the RCMP-designated cemeteries at Depot Division in Regina, Maple Creek and Battleford in Saskatchewan, and Fort Saskatchewan in Alberta. Contact Member Services at <a href=\"mailto:ottawa.vetservices@rcmpva.org\">ottawa.vetservices@rcmpva.org<\/a> to learn more about eligibility for plots and columbarium niches to serving and former members of the RCMP at this cemetery.<\/p>\n<p>There are several beautiful monuments in the RCMP National Memorial Cemetery at Beechwood. The focal point of this cemetery is the main monument with flagstaff. It is significant in shape, emulating that of the Chapel at Depot Division, Regina.<\/p>\n<p>This imposing feature embodies the strengths of the Force, with the badge carved in black, flanked by two uniformed members, a bugler and a member standing vigil. The back of the monument proudly displays the most iconic of RCMP symbols \u2014 the Horse and Rider.<\/p>\n<p>At the centre of the cemetery stands the cenotaph with an RCMP member saluting those who have died in the line of duty and who are memorialized on the honour roll. This dedication provides a constant reminder to all those who visit the RNMC at Beechwood of the service and sacrifice of over 230 members. At each corner of the cenotaph, stepping stones, facing north, east, south and west, are carved with the ensigns of each division, the Commissioner, the RCMP Veterans and various other components of the RCMP.<\/p>\n<p><img loading=\"lazy\" decoding=\"async\" src=\"https:\/\/rcmpva.org\/ottawa\/wp-content\/uploads\/sites\/4\/2025\/07\/Beechwood-Cemetery-Flame-300x200.webp\" width=\"300\" height=\"200\" alt=\"The Memorial Flame sits in front of the commemorative area at Beechwood Cemetery\" class=\"wp-image-259882 alignnone size-medium\" style=\"float: right;\" \/>To the side is the Memorial Flame on a granite pillar. This flame serves as a constant reminder of the profound respect for those who have passed before us, those who have made the ultimate sacrifice for Canada.<\/p>\n<p>Accompanying space with the Memorial Flame are two other granite pillars, each with their own unique symbolism. One pillar depicts a globe to honour members who proudly served Canada and the world. The third pillar \u201cLady Justice\u201d honours the women who trained and served, and the women who will follow in their footsteps.<\/p>\n<p><img loading=\"lazy\" decoding=\"async\" src=\"https:\/\/rcmpva.org\/ottawa\/wp-content\/uploads\/sites\/4\/2025\/07\/Beechwood-Cemetery-Bison-300x300.webp\" width=\"300\" height=\"300\" alt=\"Bison sculpture at Beechwood Cemetery\" class=\"wp-image-259883 alignnone size-medium\" style=\"float: right;\" \/>Two Bison head columns flank the northwest entrance of the RNMC at Beechwood. The bison is of historical significance as it provided food and clothing for the March West of the original North West Mounted Police. Today, it continues to be reflected in the Force\u2019s badge. A laurel of thirteen maple leaves surrounds the Bison heads, representing Canada\u2019s ten provinces and three territories.<\/p>\n<p>For information on \u201cEligibility\u201d, \u201cApplication\u201d and other options please visit <a href=\"http:\/\/www.beechwoodottawa.ca\/en\/communities\/defence-and-security-services\/rcmp-national-memorial-cemetery\" target=\"_blank\" rel=\"noopener\">this link<\/a>.[\/et_pb_text][\/et_pb_column][\/et_pb_row][\/et_pb_section]<\/p>\n","protected":false},"excerpt":{"rendered":"<p><span><span><a href=\"https:\/\/rcmpva.org\/ottawa\/\">RCMPVA Ottawa Division<\/a><\/span><\/span> &nbsp; RCMP National Memorial Cemetery at BeechwoodWho We Are Located in the heart of the National Cemetery of Canada, the RCMP National Memorial Cemetery at Beechwood is the ideal final post for all RCMP employees, Veterans and their loved ones. It is a place where families and visitors can pay their respects to those [&hellip;]<\/p>\n","protected":false},"author":466,"featured_media":0,"parent":0,"menu_order":0,"comment_status":"closed","ping_status":"closed","template":"","meta":{"_et_pb_use_builder":"on","_et_pb_old_content":"","_et_gb_content_width":"","footnotes":""},"class_list":["post-258708","page","type-page","status-publish","hentry"],"yoast_head":"<!-- This site is optimized with the Yoast SEO plugin v27.4 - https:\/\/yoast.com\/product\/yoast-seo-wordpress\/ -->\n<title>Beechwood Cemetery - RCMP Veterans&#039; Association Ottawa Division<\/title>\n<meta name=\"robots\" content=\"index, follow, max-snippet:-1, max-image-preview:large, max-video-preview:-1\" \/>\n<link rel=\"canonical\" href=\"https:\/\/rcmpva.org\/ottawa\/beechwood-cemetery\/\" \/>\n<meta property=\"og:locale\" content=\"en_US\" \/>\n<meta property=\"og:type\" content=\"article\" \/>\n<meta property=\"og:title\" content=\"Beechwood Cemetery - RCMP Veterans&#039; Association Ottawa Division\" \/>\n<meta property=\"og:description\" content=\"&nbsp; RCMP National Memorial Cemetery at BeechwoodWho We Are Located in the heart of the National Cemetery of Canada, the RCMP National Memorial Cemetery at Beechwood is the ideal final post for all RCMP employees, Veterans and their loved ones. It is a place where families and visitors can pay their respects to those [&hellip;]\" \/>\n<meta property=\"og:url\" content=\"https:\/\/rcmpva.org\/ottawa\/beechwood-cemetery\/\" \/>\n<meta property=\"og:site_name\" content=\"RCMP Veterans&#039; Association Ottawa Division\" \/>\n<meta property=\"article:modified_time\" content=\"2025-12-22T17:17:49+00:00\" \/>\n<meta property=\"og:image\" content=\"https:\/\/rcmpva.org\/ottawa\/wp-content\/uploads\/sites\/4\/2025\/07\/Beechwood-Cemetery-Flame-300x200.webp\" \/>\n<meta name=\"twitter:card\" content=\"summary_large_image\" \/>\n<meta name=\"twitter:label1\" content=\"Est. reading time\" \/>\n\t<meta name=\"twitter:data1\" content=\"4 minutes\" \/>\n<script type=\"application\/ld+json\" class=\"yoast-schema-graph\">{\"@context\":\"https:\\\/\\\/schema.org\",\"@graph\":[{\"@type\":\"WebPage\",\"@id\":\"https:\\\/\\\/rcmpva.org\\\/ottawa\\\/beechwood-cemetery\\\/\",\"url\":\"https:\\\/\\\/rcmpva.org\\\/ottawa\\\/beechwood-cemetery\\\/\",\"name\":\"Beechwood Cemetery - RCMP Veterans&#039; Association Ottawa Division\",\"isPartOf\":{\"@id\":\"https:\\\/\\\/rcmpva.org\\\/ottawa\\\/#website\"},\"primaryImageOfPage\":{\"@id\":\"https:\\\/\\\/rcmpva.org\\\/ottawa\\\/beechwood-cemetery\\\/#primaryimage\"},\"image\":{\"@id\":\"https:\\\/\\\/rcmpva.org\\\/ottawa\\\/beechwood-cemetery\\\/#primaryimage\"},\"thumbnailUrl\":\"https:\\\/\\\/rcmpva.org\\\/ottawa\\\/wp-content\\\/uploads\\\/sites\\\/4\\\/2025\\\/07\\\/Beechwood-Cemetery-Flame-300x200.webp\",\"datePublished\":\"2025-06-05T22:43:23+00:00\",\"dateModified\":\"2025-12-22T17:17:49+00:00\",\"breadcrumb\":{\"@id\":\"https:\\\/\\\/rcmpva.org\\\/ottawa\\\/beechwood-cemetery\\\/#breadcrumb\"},\"inLanguage\":\"en-US\",\"potentialAction\":[{\"@type\":\"ReadAction\",\"target\":[\"https:\\\/\\\/rcmpva.org\\\/ottawa\\\/beechwood-cemetery\\\/\"]}]},{\"@type\":\"ImageObject\",\"inLanguage\":\"en-US\",\"@id\":\"https:\\\/\\\/rcmpva.org\\\/ottawa\\\/beechwood-cemetery\\\/#primaryimage\",\"url\":\"https:\\\/\\\/rcmpva.org\\\/ottawa\\\/wp-content\\\/uploads\\\/sites\\\/4\\\/2025\\\/07\\\/Beechwood-Cemetery-Flame.webp\",\"contentUrl\":\"https:\\\/\\\/rcmpva.org\\\/ottawa\\\/wp-content\\\/uploads\\\/sites\\\/4\\\/2025\\\/07\\\/Beechwood-Cemetery-Flame.webp\",\"width\":800,\"height\":534,\"caption\":\"The Memorial Flame sits in front of the commemorative area at Beechwood Cemetery\"},{\"@type\":\"BreadcrumbList\",\"@id\":\"https:\\\/\\\/rcmpva.org\\\/ottawa\\\/beechwood-cemetery\\\/#breadcrumb\",\"itemListElement\":[{\"@type\":\"ListItem\",\"position\":1,\"name\":\"RCMPVA Ottawa Division\",\"item\":\"https:\\\/\\\/rcmpva.org\\\/ottawa\\\/\"},{\"@type\":\"ListItem\",\"position\":2,\"name\":\"Beechwood Cemetery\"}]},{\"@type\":\"WebSite\",\"@id\":\"https:\\\/\\\/rcmpva.org\\\/ottawa\\\/#website\",\"url\":\"https:\\\/\\\/rcmpva.org\\\/ottawa\\\/\",\"name\":\"RCMP Veterans&#039; Association Ottawa Division\",\"description\":\"Ottawa Division\",\"potentialAction\":[{\"@type\":\"SearchAction\",\"target\":{\"@type\":\"EntryPoint\",\"urlTemplate\":\"https:\\\/\\\/rcmpva.org\\\/ottawa\\\/?s={search_term_string}\"},\"query-input\":{\"@type\":\"PropertyValueSpecification\",\"valueRequired\":true,\"valueName\":\"search_term_string\"}}],\"inLanguage\":\"en-US\"}]}<\/script>\n<!-- \/ Yoast SEO plugin. -->","yoast_head_json":{"title":"Beechwood Cemetery - RCMP Veterans&#039; Association Ottawa Division","robots":{"index":"index","follow":"follow","max-snippet":"max-snippet:-1","max-image-preview":"max-image-preview:large","max-video-preview":"max-video-preview:-1"},"canonical":"https:\/\/rcmpva.org\/ottawa\/beechwood-cemetery\/","og_locale":"en_US","og_type":"article","og_title":"Beechwood Cemetery - RCMP Veterans&#039; Association Ottawa Division","og_description":"&nbsp; RCMP National Memorial Cemetery at BeechwoodWho We Are Located in the heart of the National Cemetery of Canada, the RCMP National Memorial Cemetery at Beechwood is the ideal final post for all RCMP employees, Veterans and their loved ones. It is a place where families and visitors can pay their respects to those [&hellip;]","og_url":"https:\/\/rcmpva.org\/ottawa\/beechwood-cemetery\/","og_site_name":"RCMP Veterans&#039; Association Ottawa Division","article_modified_time":"2025-12-22T17:17:49+00:00","og_image":[{"url":"https:\/\/rcmpva.org\/ottawa\/wp-content\/uploads\/sites\/4\/2025\/07\/Beechwood-Cemetery-Flame-300x200.webp","type":"","width":"","height":""}],"twitter_card":"summary_large_image","twitter_misc":{"Est. reading time":"4 minutes"},"schema":{"@context":"https:\/\/schema.org","@graph":[{"@type":"WebPage","@id":"https:\/\/rcmpva.org\/ottawa\/beechwood-cemetery\/","url":"https:\/\/rcmpva.org\/ottawa\/beechwood-cemetery\/","name":"Beechwood Cemetery - RCMP Veterans&#039; Association Ottawa Division","isPartOf":{"@id":"https:\/\/rcmpva.org\/ottawa\/#website"},"primaryImageOfPage":{"@id":"https:\/\/rcmpva.org\/ottawa\/beechwood-cemetery\/#primaryimage"},"image":{"@id":"https:\/\/rcmpva.org\/ottawa\/beechwood-cemetery\/#primaryimage"},"thumbnailUrl":"https:\/\/rcmpva.org\/ottawa\/wp-content\/uploads\/sites\/4\/2025\/07\/Beechwood-Cemetery-Flame-300x200.webp","datePublished":"2025-06-05T22:43:23+00:00","dateModified":"2025-12-22T17:17:49+00:00","breadcrumb":{"@id":"https:\/\/rcmpva.org\/ottawa\/beechwood-cemetery\/#breadcrumb"},"inLanguage":"en-US","potentialAction":[{"@type":"ReadAction","target":["https:\/\/rcmpva.org\/ottawa\/beechwood-cemetery\/"]}]},{"@type":"ImageObject","inLanguage":"en-US","@id":"https:\/\/rcmpva.org\/ottawa\/beechwood-cemetery\/#primaryimage","url":"https:\/\/rcmpva.org\/ottawa\/wp-content\/uploads\/sites\/4\/2025\/07\/Beechwood-Cemetery-Flame.webp","contentUrl":"https:\/\/rcmpva.org\/ottawa\/wp-content\/uploads\/sites\/4\/2025\/07\/Beechwood-Cemetery-Flame.webp","width":800,"height":534,"caption":"The Memorial Flame sits in front of the commemorative area at Beechwood Cemetery"},{"@type":"BreadcrumbList","@id":"https:\/\/rcmpva.org\/ottawa\/beechwood-cemetery\/#breadcrumb","itemListElement":[{"@type":"ListItem","position":1,"name":"RCMPVA Ottawa Division","item":"https:\/\/rcmpva.org\/ottawa\/"},{"@type":"ListItem","position":2,"name":"Beechwood Cemetery"}]},{"@type":"WebSite","@id":"https:\/\/rcmpva.org\/ottawa\/#website","url":"https:\/\/rcmpva.org\/ottawa\/","name":"RCMP Veterans&#039; Association Ottawa Division","description":"Ottawa Division","potentialAction":[{"@type":"SearchAction","target":{"@type":"EntryPoint","urlTemplate":"https:\/\/rcmpva.org\/ottawa\/?s={search_term_string}"},"query-input":{"@type":"PropertyValueSpecification","valueRequired":true,"valueName":"search_term_string"}}],"inLanguage":"en-US"}]}},"_links":{"self":[{"href":"https:\/\/rcmpva.org\/ottawa\/wp-json\/wp\/v2\/pages\/258708","targetHints":{"allow":["GET"]}}],"collection":[{"href":"https:\/\/rcmpva.org\/ottawa\/wp-json\/wp\/v2\/pages"}],"about":[{"href":"https:\/\/rcmpva.org\/ottawa\/wp-json\/wp\/v2\/types\/page"}],"author":[{"embeddable":true,"href":"https:\/\/rcmpva.org\/ottawa\/wp-json\/wp\/v2\/users\/466"}],"replies":[{"embeddable":true,"href":"https:\/\/rcmpva.org\/ottawa\/wp-json\/wp\/v2\/comments?post=258708"}],"version-history":[{"count":2,"href":"https:\/\/rcmpva.org\/ottawa\/wp-json\/wp\/v2\/pages\/258708\/revisions"}],"predecessor-version":[{"id":260551,"href":"https:\/\/rcmpva.org\/ottawa\/wp-json\/wp\/v2\/pages\/258708\/revisions\/260551"}],"wp:attachment":[{"href":"https:\/\/rcmpva.org\/ottawa\/wp-json\/wp\/v2\/media?parent=258708"}],"curies":[{"name":"wp","href":"https:\/\/api.w.org\/{rel}","templated":true}]}}